 -2*z + 2, -6 = -3*z + 5*w + 11. Let d be z/5 + (-216)/45. Calculate f(d).
4
Let x(k) = -2*k**3 - 4*k**2 + 3*k**3 - 2*k**3 + 2 - 2*k. Suppose 4*s = -j + 17, 5*s - 31 - 6 = 4*j. What is x(j)?
-1
Let a(f) = f**2 - 6*f + 7. Let z be a(2). Let l(r) = -r**3 + r**2 + r - 1. Let g(p) = -6*p**3 + 2*p**2 + 3*p. Let x(q) = g(q) - l(q). Calculate x(z).
5
Let i(g) = 5*g**2 + 5 - g**3 - 3*g + 0*g**3 - 1. Let q(a) = 4*a - 4. Let n(o) = 7*o - 9. Let f(s) = 6*n(s) - 11*q(s). Let z be f(-7). Give i(z).
8
Let c(m) = -m**2 - 6*m. Let w be c(-3). Suppose -4*x = -5*x + w. Suppose 0 = -4*f + 3 + x. Let r(g) = -g - 3. What is r(f)?
-6
Suppose 5*x = 2*x + 3. Let s(g) = -9*g**2 - 2*g + x + 4*g + 3*g - 4*g. Calculate s(-1).
-9
Let w(b) = -b**2 - 7. Suppose 0 = 7*i - 4*i + 4*i. Calculate w(i).
-7
Let i(h) = -h**2 + h - 5. Let k be (-20)/(-4) - (-5)/(-1). Give i(k).
-5
Let v(q) = q - 1. Let d = 19 + -16. Let c be (-2 + d)/(-1)*-1. Give v(c).
0
Let r(o) = -3*o + 5. Suppose -4*j - 6 = -5*y, 0 = -0*j - 3*j - 3*y - 18. What is r(j)?
17
Let u(a) be the first derivative of -a**4/12 + 2*a**3/3 - a**2 - 6*a + 3. Let o(f) be the first derivative of u(f). Determine o(3).
1
Let r(d) = d + 1. Let h(k) = -5*k + 2. Let u(l) = -15*l + 5. Let s(y) = 7*h(y) - 2*u(y). Let w(n) = 3*r(n) + s(n). Give w(7).
-7
Let c be 3/2*8/12. Let u(y) = 4*y**3 + y**2 - 2*y + 3. Let h(f) = 7*f**3 + f**2 - 3*f + 5. Let s(o) = 3*h(o) - 5*u(o). What is s(c)?
0
Let z(u) be the third derivative of -u**4/24 + 5*u**3/3 + u**2. Let i be (-8)/(-1) + 5*(-2)/5. Calculate z(i).
4
Let c(x) = -x**3 - 2*x**2 - x. Let z be c(-1). Let i be z/2*(-3)/(-6). Let t(u) = u + 4. Calculate t(i).
4
Let d(z) = 0 - 8*z**2 + 9 + 2*z + 14*z**2 + z**3 + 0*z**3. Give d(-6).
-3
Let p(z) be the second derivative of 19*z**4/12 - z**3/6 + 58*z. What is p(-1)?
20
Let k(j) be the second derivative of -1/2*j**3 + 0 + 3/2*j**2 - j. Give k(5).
-12
Let h be (-85)/(-20) - (-2)/(-8). Let a(r) = -2*r - 2. What is a(h)?
-10
Let p(g) = -2*g**3 + g + 1. Let s be p(-1). Let t be (-4 + 5)*5/1. Let u(q) = -1 - t*q + 2 + 0*q**2 + q**2. Calculate u(s).
-5
Let b(m) = -3*m + 2. Let r be b(-2). Let s(a) = -a + r*a + 3 - 8*a. Calculate s(6).
-3
Let w(n) be the third derivative of -n**6/240 + n**5/20 - n**4/12 - 5*n**2. Let d(s) be the second derivative of w(s). What is d(6)?
-12
Let y be 2/((-6)/4 - -1). Let b(x) be the second derivative of -x**5/20 - x**4/3 - 3*x**2/2 + x. Determine b(y).
-3
Let i(t) = 3 - t - 1 + 0*t. Suppose -d - 5 = 3*z + 2, z - 1 = 3*d. Determine i(z).
4
Let t(m) = 0*m - 3*m + 4*m - 2*m + 3. Let s be 3 + 2 + -2 + 0. Suppose -4*b + 3 = a, -4*a = -s*b - 4 - 8. Determine t(b).
3
Let i(w) = 3*w**3 - 6*w**2 + 7. Let t(x) = 2*x**3 - 4*x**2 + 5. Let r(z) = 5*i(z) - 7*t(z). Calculate r(1).
-1
Let r(s) be the first derivative of 1/2*s**2 - 1 - 5*s. Let n be (4 - 4)/(6/2). Give r(n).
-5
Let z be (-1)/((-2 - -3)/(-1) + 0). Let j(p) = 5*p**3 - 2*p**2 + p. Determine j(z).
4
Let l(c) be the third derivative of -c**6/360 + 5*c**4/24 + c**3/2 - 4*c**2. Let g(v) be the first derivative of l(v). Let z = 2 + 2. Determine g(z).
-11
Let p(r) = -r + 11 - 4*r + 4*r. Let o = 47 + -47. Calculate p(o).
11
Let a(z) = -2*z + 3. Let x(n) = -n - 8. Let j be x(-10). Let s(i) = i**2 - 3*i + 4. Let r be s(j). What is a(r)?
-1
Let y(r) = r**2 + 4*r - 2687 + 2682 - 2*r**2. What is y(7)?
-26
Let h be (3/2)/(9/(-24)). Let g(l) = -l**2 - 4*l - 5. What is g(h)?
-5
Let j(l) = -l**2 - 8*l - 5. Let i = 4 + -9. What is j(i)?
10
Let i(z) = z**3 - z**2 - 5*z + 3. Let n be i(3). Let f = n + -4. Let x(g) = -g + 1. Let c(m) = -2*m + 2. Let y(j) = -6*c(j) + 11*x(j). Determine y(f).
1
Suppose 3*l + 2 = l, -4*w + 59 = l. Let m be (-1)/((w/(-9))/5). Let s(n) = n**2 - 3*n + 3. Determine s(m).
3
Let z(b) = b**2 - 3*b + 3. Let v(f) = -f**2 - f + 8. Let j be v(-3). Calculate z(j).
1
Let m(i) = -i**2 + 6*i + 9. Suppose b - 20 = -4*y, 8 + 4 = 4*y. Calculate m(b).
-7
Let w(n) = -n**2 + 3*n + 1. Let k be w(3). Let x(y) = -2*y**2 - y + 1. Calculate x(k).
-2
Let a(x) = 8*x**2 - 4*x + 4*x - 4*x**2. Let w be a(-1). Let o(r) be the second derivative of -r**4/12 + r**3/6 + r**2 + r. What is o(w)?
-10
Let t(a) be the first derivative of -a**4/4 + 2*a**3 - a**2 + 7*a - 5. Calculate t(6).
-5
Let s(u) = -4*u - 7. Let p(x) = x**2 + x + 5. Let n be p(0). Let k(r) = r. Let a(l) = n*k(l) + s(l). Suppose 0 = -5*g + d, -4*g + 2*g = -2*d. What is a(g)?
-7
Let q(y) = 0*y - y**3 - 2 - 6*y**2 - 3*y - 4*y + 4*y. Give q(-5).
-12
Suppose 0 = -3*r - 0*r + 15. Suppose -3*j + 7 + 13 = r*m, j + 4 = m. Let p(u) be the first derivative of 2*u**3/3 - 7*u**2/2 + 4*u - 2. Determine p(m).
8
Let l(q) = 3*q**2 + 2*q - 5. Let u(a) = -7*a**2 - 5*a + 10. Let d(k) = 5*l(k) + 2*u(k). Give d(-5).
20
Let a(p) = -p - 17. Let x = -59 + 48. What is a(x)?
-6
Let v(u) = 2*u**2 + u. Suppose 0 = 4*a + 42 - 46. Give v(a).
3
Let z(r) = r + 2. Let f = 8 + -3. Let b be (-3)/(2 - f/4). What is z(b)?
-2
Let h(y) = -4*y**3 - y**2 - y. Let k be 3/(-5) + 6/(-15). Give h(k).
4
Let z(m) = 1 - m**2 - 2*m**3 + 2*m**3 - 3*m**3 - 2*m**3. What is z(1)?
-5
Let s = -10 + 12. Let t(n) = n**2 - n - 1. Let u be t(s). Let m(p) = 6*p**2 + 1. Give m(u).
7
Let c(y) = y**3 - 6*y**2 - 5*y - 8. Let t be 6 - 3/(-6)*2. Determine c(t).
6
Let l(i) = -13*i - 15. Let f(w) = -6*w - 7. Let j(s) = -9*f(s) + 4*l(s). Let a = 66 + -68. What is j(a)?
-1
Let g(n) be the first derivative of n**3 + 2*n - 9. Determine g(-2).
14
Let m(z) = -598 - 2*z + 301 + 304. Determine m(-5).
17
Let n(v) = v**3 - 4*v**2 - 5*v + 7. Let w be n(5). Suppose 0*u + w = 2*u + 3*z, -29 = u - 5*z. Let k(r) = r**3 + 3*r**2 - r + 5. Determine k(u).
-7
Let h(a) = a**3 + 10*a**2 + 10*a + 12. Let x be (-3 + 1)*(-18)/(-4). Let w be h(x). Let k(r) = 0 + 0*r + r + 2*r**2 + r**3 + w - 7*r**2. Calculate k(4).
-9
Suppose 4*o = a + 8, 4*a + 5*o = 3*a + 28. Let c(d) = 11*d - 14. Let y(r) = 4*r - 5. Let s(l) = a*y(l) - 3*c(l). What is s(-2)?
4
Let v(m) = -4 - m**2 + 2 + 17*m - 3*m - 5. Let i be v(13). Let x(w) = w**2 - 4*w - 3. Give x(i).
9
Let p(j) = j**2 + j + 1. Let o(v) = -8*v**2 - 5*v - 6. Let d(i) = -4*o(i) - 28*p(i). Let m(a) = -a**2 + a + 1. Let n(b) = d(b) + 5*m(b). Calculate n(-4).
-3
Let q(f) = f**2 - 2*f - 4. Let h = 13 - 6. Suppose -t - 7 = -3*j, -j + 2*t - 4*t = -h. Give q(j).
-1
Let v = 13 + -11. Let x(q) = 0 - 5 + 3*q**3 - v*q**3 - 4*q**2 + 9. Give x(3).
-5
Suppose 0 = 3*p - p + 2. Let y(f) be the first derivative of -3*f**5/40 - f**4/24 - f**3/3 - 3. Let z(l) be the third derivative of y(l). Give z(p).
8
Let m(i) be the second derivative of -i**5/20 - i**4/3 - i**3/3 - i**2/2 + 2*i. Let u(c) = -2*c + 10. Let w be u(7). Give m(w).
7
Let z(a) = a - 3. Let t(w) = -12*w + 34. Let k(v) = 6*t(v) + 68*z(v). Suppose 0 = -9*u + 4*u + 5. Determine k(u).
-4
Let j(k) be the first derivative of -k**3/3 + 7*k**2/2 - 5*k - 11. What is j(4)?
7
Let c(n) = n**2 - 10*n - 3. Suppose -31 + 3 = -4*u. What is c(u)?
-24
Let g(z) = 4*z**2 + 0*z - 4*z + 6 + 2*z**3 - z**3. Let a be g(-5). Let v(y) = -6*y**2 + 3*y**2 - 5*y**2 + y. What is v(a)?
-7
Let l(p) be the third derivative of 0 + 0*p - p**2 + 0*p**3 - 1/4*p**4. Let i be ((-2)/(-4))/(2/(-4)). Determine l(i).
6
Let w(b) be the first derivative of -4*b + 1/4*b**4 + b**3 - b**2 - 1. Give w(-3).
2
Let i(p) be the third derivative of p**4/24 - 4*p**3/3 - 18*p**2. Give i(5).
-3
Let w(m) = -m - 4. Let g(u) = -2*u - 9. Let b(h) = 4*g(h) - 9*w(h). Suppose 0*v = -v + 2. What is b(v)?
2
Suppose -3*i + 12 = -4*v, 4 + 2 = -2*v - i. Let b(s) = -5*s**3 - s**2. Let y be b(-1). Let m(t) = -4*t - y + 3 + t. Determine m(v).
8
Let y be (-2)/(1/(2 - 1)). Let v be ((-12)/(-30))/(y/10). Let w(c) = c + 1. Give w(v).
-1
Let t(x) be the first derivative of x**4/4 + 2*x**3 + 3*x**2 - 4*x - 40. What is t(-5)?
-9
Let q(o) = o + 1. Let x(v) = v**3 + v + 1. Let n(g) = -2*q(g) + x(g). Suppose -2 + 10 = -2*p. Let k be (6/12)/(1/p). Determine n(k).
-7
Let f(o) = o - 1. Let x be f(1). Let g(j) be the third derivative of 2*j**2 + x + 1/4*j**4 + 0*j - 1/60*j**5 + 1/2*j**3. What is g(5)?
8
Let m(u) = 3*u**2 + 2*u + 2. Suppose o - 6 = -d, 5*o + 6 = 7*d - 3*d. Let k(x) = -x**2 + 4*x - 1. Let s be k(2). Suppose -o*h - 10 = s*h. Calculate m(h).
10
Let p(h) be the third derivative of -h**8/6720 - h**7/420 - h**6/180 - h